t f be j(10). Let m be (-2)/f - (-120)/9. What are the prime factors of (-1)/(25/m - 2)?
13
Suppose 3*d = -w + d + 14, -4*w + 78 = -3*d. Suppose -5*g = -8*g + w. List the prime factors of g.
2, 3
Let f(x) = -x**3 - 3*x**2 + 7*x + 14. Let t be f(-4). Suppose r + 44 = 4*v, v - 4*r + t + 2 = 0. List the prime factors of v.
2, 3
Let l(u) = 2*u**2 - 8*u - 1. Let q be l(6). Suppose -3*r + q = -49. What are the prime factors of (r - (-3 - -6))*1?
3, 7
Let q(i) = -i**3 - 4*i**2 + 6*i + 7. Let y be q(-6). Suppose -3*a + 199 = y. Suppose -5*w - a = -7*w. What are the prime factors of w?
2, 13
Let v be ((-10)/(-15))/((-2)/(-105)). Suppose 7*u - v = -5*f + 2*u, -11 = -5*f + u. Suppose f*x - 8*x + 130 = 0. What are the prime factors of x?
2, 13
Let a(l) = -l - 13. Let h be a(-7). Let d be 152/28 + h/14. Suppose d*b = 53 + 17. What are the prime factors of b?
2, 7
Suppose 4*x = 2*x + 10, 15 = 5*c - x. Suppose 3*y - 11 = -0*y - 4*m, 0 = y - c*m - 25. List the prime factors of y.
3
Let m be 1/(-6) + (-19)/(-6). Suppose -2*r = -4*g + 3 + 35, -4*g + m*r + 35 = 0. Suppose 3*x - g = 124. List the prime factors of x.
3, 5
Let b be (1/(-2))/(-4*(-6)/(-5472)). Suppose -2*h + 5*l = -b, 3*l - 113 - 1 = -2*h. What are the prime factors of h?
3, 19
Suppose -5*x - 5*r = -553 - 197, r + 306 = 2*x. What are the prime factors of x?
2, 19
Let x(m) = m + 16. Let a be x(-13). Let v(l) = 8*l - 1. List the prime factors of v(a).
23
List the prime factors of 2/5 + 1/10*33916.
2, 53
Suppose 242*s = 249*s - 2226. What are the prime factors of s?
2, 3, 53
Let u = -376 - -822. What are the prime factors of u?
2, 223
Suppose -2*y + 9*y = 35. Suppose 0 = y*u + r - 139, r - 67 = -2*u - 9. What are the prime factors of u?
3
What are the prime factors of (2 + -4 + -2)*(-5 + -136)?
2, 3, 47
Let p(l) be the third derivative of 15*l**4/8 + 6*l**2. List the prime factors of p(1).
3, 5
Let w be (2/(-3))/((-20)/1080). Suppose -u - 5*u = w. List the prime factors of 7/(-4)*(-14 - u).
2, 7
Suppose 18*t + 153 + 225 = 0. Let b be 1/(-2) + 71/2. Let d = t + b. List the prime factors of d.
2, 7
Let y be 6/(-27)*-3*-6. Let g(o) = -o. Let n be g(y). Suppose -z + 0*a = -a - 7, -n*a + 28 = 4*z. List the prime factors of z.
7
Let q(l) = l**3 + 13*l**2 + 15*l + 39. Let x be q(-12). Suppose -4*r = 6*c - c - 752, -4*r = -x*c - 720. List the prime factors of r.
3, 61
Let o(x) = x**3 + 9*x**2 + x - 24. Let k(y) = -2*y**3 - 17*y**2 - y + 48. Let h(d) = -3*k(d) - 7*o(d). What are the prime factors of h(-12)?
2, 3
Let h(s) = s**3 + 7*s**2 + 6*s - 4. Let g be h(-6). Let d = g + 0. List the prime factors of d + (-14)/(-6)*3.
3
Suppose 0 = -5*f + 3*z + 8958, -4*z - 174 - 6994 = -4*f. What are the prime factors of f?
3, 199
Let c(n) = n**2 + 7*n. Let o be c(-5). Let z = 14 + o. Suppose -z*x + 131 = -97. List the prime factors of x.
3, 19
Let o(x) = -x**3 - 4*x**2 + 6*x - 8. Suppose -16 = 3*l + q, -4*l - 5*q - 14 = -0*l. What are the prime factors of o(l)?
2, 7
Let q = -67 - -68. What are the prime factors of 12/20 - q/(10/(-144))?
3, 5
Let v(m) = 35*m**2 - 36*m - 3. What are the prime factors of v(7)?
2, 5, 73
Let a be (-72)/(3 - 1)*(-1)/2. Let i be (46*(-3)/(-6))/1. Let j = a + i. List the prime factors of j.
41
Suppose 0*u - 3*u = -9. Suppose 3*v = -3, -4*f = f - u*v - 18. Suppose f*q + 21 = 4*q. What are the prime factors of q?
3, 7
Suppose -12*y = 9856 - 28648. What are the prime factors of y?
2, 3, 29
Suppose 21*y - 65 - 19 = 0. Suppose 0 = -3*m - 3*f + 222, -4*m + 0*m = 2*f - 292. Suppose -y*o - 2*q - 3*q = -m, -9 = -o + q. List the prime factors of o.
13
Let g = 2201 - 1316. What are the prime factors of g?
3, 5, 59
Suppose -16*y + 750 = x - 12*y, 0 = -5*x - 3*y + 3699. List the prime factors of x.
2, 3, 41
Let h(v) = -v + 48. Let y(o) = -o**2 + 6*o - 8. Let f be y(4). Suppose f = -5*l - 5, 3*x = 5*l + 3 + 2. List the prime factors of h(x).
2, 3
Let v be 34/5*(-10)/(-4). Let w = 19 - v. Suppose 4*k = -3*g + 39, 4*k + w*g - 42 = -0*g. List the prime factors of k.
2, 3
Let n be (-2)/5 - (-46944)/(-240). Let a be 80*(-1)/(2/3). Let x = a - n. List the prime factors of x.
2, 19
Let j = 124 - 69. Suppose -2*s - j = -5*s - 5*p, s = 3*p - 5. Let z(q) = q**2 - 9*q + 7. List the prime factors of z(s).
17
List the prime factors of 1203 + -20 + 12/(-3).
3, 131
Suppose 4*b = 2*y - 20, 5*y + 4*b - 5 = -b. Let s(p) = 5*p**2 - 5*p - 4. What are the prime factors of s(y)?
2, 7
Let y(a) be the first derivative of a**6/24 - a**5/120 - a**4/6 + a**3/3 + 12. Let l(x) be the third derivative of y(x). List the prime factors of l(2).
2, 3
What are the prime factors of 4136 + (3/12 - 3/(-4))?
3, 7, 197
What are the prime factors of (1 - 1049)/(-4*(-11)/(-44))?
2, 131
Let t be -4*3 + 3 + 0. Let w = t + 11. Suppose -3*i = 2*v + v - 96, -2*i + w*v = -48. List the prime factors of i.
2, 7
Suppose x + 3*t + t = -2, 2*t = -2. List the prime factors of (-1)/(6/(-57))*x.
19
Let x = 1507 - 390. List the prime factors of x.
1117
Let p(a) = 4*a + 17. Let v be p(-4). Let u = -17 - -13. List the prime factors of 4 + (u - -76 - v).
3, 5
Let c = -6369 + 10713. What are the prime factors of c?
2, 3, 181
Let k = 799 + -592. What are the prime factors of k?
3, 23
List the prime factors of 3*28/12 + 1954 + 9.
2, 5, 197
Suppose 5*z + 91 = -4*d - 128, -5*d = 4*z + 177. What are the prime factors of -2 - (z - (0 + -4))?
37
Let f(r) = -r + 6. Let i be f(2). Suppose -3*v + 452 = p, p = -i*v + 2*p + 598. What are the prime factors of v?
2, 3, 5
Suppose -w - t = -4*t + 15, -88 = 5*w - 2*t. Let z(l) = -2*l**2 + 32*l + 4. Let m be z(14). Let c = w + m. List the prime factors of c.
2, 3, 7
Let p(a) = 221*a - 999. What are the prime factors of p(13)?
2, 937
Let t = -12 + 67. Suppose t + 10 = 5*p. What are the prime factors of p?
13
What are the prime factors of (1 - 2)*1*(-245 - -12)?
233
Let a(j) = 3*j**2 + 16*j - 56. What are the prime factors of a(-22)?
2, 3, 29
Suppose 287*v + 52030 = 297*v. What are the prime factors of v?
11, 43
Suppose -13*m + 7434 = -4*m. List the prime factors of m.
2, 7, 59
Let f be (-13)/4 - 5/(-20). Let r be 2/f + 28/6. Suppose c - y + 2 - 12 = 0, -r*c + 44 = -3*y. List the prime factors of c.
2, 7
Let y(p) = p**3 + 9*p**2 + 9*p - 4. Let j be y(-8). Let n be (j/(-8) + -1)*-2. List the prime factors of (-6)/(-2) + (6 - n).
2, 5
Suppose -2*n = -0*n + 2*s - 48, 4*s + 112 = 4*n. Let z = 88 - n. List the prime factors of z.
2, 31
Let z(l) = 4*l**3 + 5*l**3 + 3 - 3*l + 3*l**2 - 2 - l. List the prime factors of z(2).
7, 11
Let f = 2784 - 1704. List the prime factors of f.
2, 3, 5
Suppose 4*l + 2*p + 0*p - 14 = 0, -5*l + 50 = -4*p. Let b(h) = 12*h - 9. What are the prime factors of b(l)?
3, 7
Let f(s) = -s**2 + 42*s - 130. List the prime factors of f(34).
2, 71
Let r(k) = 2*k + 5*k**2 - 4*k**2 - 8 + 6*k + k. Let g be r(-10). Suppose 5*m = 3*i - 37, 6 = 4*i - g*m - 62. What are the prime factors of i?
19
Let i = 15 + -28. Let d(x) = -x**3 - 14*x**2 - 13*x + 14. What are the prime factors of d(i)?
2, 7
Suppose -4*z + 1437 = 4*q - 1195, 2*z + 2650 = 4*q. List the prime factors of q.
661
Let z = 203 + -153. Suppose -p = -6*p + z. List the prime factors of p.
2, 5
Let n = -901 + 1895. What are the prime factors of n?
2, 7, 71
Suppose -10 = -5*n, 4*n = -2*c - 16 + 114. Suppose -p + 4*g - c = -2*p, -3*p - g = -146. What are the prime factors of p?
7
Let v = -420 - -633. List the prime factors of v.
3, 71
Let b = 12 - 33. Suppose h + 6 = -p - 0*p, 2*p + 12 = -3*h. What are the prime factors of b/p*14 - -3?
2, 13
Let o(x) = 13*x**2 + 15*x + 19. List the prime factors of o(-3).
7, 13
Suppose 38 = 6*i - 4*i - 3*g, -i + g = -19. What are the prime factors of i?
19
Let t(u) = -4*u**3 + 4*u**2 + 28*u - 4. List the prime factors of t(-4).
2, 3, 17
Let z(j) = -j + 1. Let w be z(-1). Suppose 0*r - 4 = -o + 2*r, 4*r = -o + 4. Suppose d - 2*d - 9 = o*b, -4*d = w*b - 20. What are the prime factors of d?
7
Let t(v) = v**3 + 4*v**2 + 4*v + 2. Let d be t(-3). Let k be 4/(d/((-1)/2)). Suppose 0*g - 2*g - k*c = -38, 3*g - 2*c - 57 = 0. What are the prime factors of g?
19
Let q(g) = -2*g**3 + 2*g**2 + 23*g + 40. List the prime factors of q(-7).
3, 13, 17
Let z = 81 - 156. Suppose -5*d + 0*d - 270 = 0. Let b = d - z. List the prime factors of b.
3, 7
Let a(j) = 2*